34305 (base 6) in base 15?
40b7c5
Convert 2024133230 (base 5) to base 2.
1111110000011010001000
-a5d20 (base 15) to base 8
-2003400
Convert -226437 (base 8) to base 16.
-12d1f
What is 1259577 (base 12) in base 6?
205123431
Convert -6363016 (base 9) to base 13.
-923bb9
Convert 1367460 (base 13) to base 12.
20764a3
What is 32462671 (base 8) in base 4?
122212112321
Convert 427540 (base 10) to base 2.
1101000011000010100
Convert 116b9 (base 15) to base 12.
28170
Convert 53b314 (base 15) to base 4.
33031102021
Convert 527704 (base 9) to base 3.
120221210011
Convert -5a34d (base 14) to base 12.
-a7501
What is -87555 (base 15) in base 14?
-b2902
What is 341121012 (base 5) in base 3?
2211102210111
-2220020202121 (base 3) to base 15
-206554
Convert -2b30120 (base 12) to base 16.
-85d7a8
Convert b2b796 (base 12) to base 10.
2798754
57807 (base 11) to base 10
83497
-83c01 (base 14) to base 13
-b191b
Convert -1626158 (base 9) to base 5.
-212401430
-10400764 (base 8) to base 14
-420308
Convert -501341145 (base 6) to base 10.
-8473529
What is -1004441 (base 7) in base 12?
-59012
What is 33120301 (base 4) in base 2?
1111011000110001
Convert -21279a (base 12) to base 8.
-1775346
Convert -51a1 (base 14) to base 12.
-8175
What is 13310311 (base 4) in base 2?
111110100110101
141004533 (base 7) to base 6
524415543
Convert -7055b2 (base 16) to base 8.
-34052662
Convert 131546 (base 9) to base 8.
234044
Convert -11000011100001110111 (base 2) to base 9.
-1450544
Convert 14e954 (base 15) to base 14.
1c4749
2dd51 (base 14) to base 12
56757
1231c77 (base 15) to base 9
26526134
Convert -169707 (base 11) to base 14.
-6b550
Convert 1116641 (base 10) to base 6.
35533345
-12033120 (base 4) to base 12
-12960
Convert -11121222002 (base 4) to base 14.
-28bd74
What is 1a5100 (base 13) in base 10?
668057
Convert 35073 (base 11) to base 14.
14666
What is -1528327 (base 11) in base 8?
-11767462
What is 2358788 (base 9) in base 8?
4702521
What is 20605123 (base 8) in base 11?
2530a41
763776 (base 8) to base 11
165376
Convert -5602061 (base 8) to base 2.
-101110000010000110001
26345627 (base 8) to base 13
12b0759
What is -172435 (base 11) in base 2?
-1000001000111100010
110112102211100 (base 3) to base 4
121122111210
-6b1694 (base 13) to base 6
-130315341
14a8454 (base 13) to base 7
110143242
Convert 123023110 (base 4) to base 6.
2215204
-111001000111000111101 (base 2) to base 12
-762bb9
What is 3031230121 (base 4) in base 6?
30020321
Convert -5987 (base 11) to base 16.
-1e9f
What is -244610 (base 8) in base 16?
-14988
What is -18490 (base 12) in base 4?
-20212230
3b234 (base 14) to base 12
704ba
-301918 (base 14) to base 7
-16516131
-2314220 (base 5) to base 9
-63315
-7d7291 (base 14) to base 11
-2466618
-2799a (base 14) to base 16
-17e94
What is -14020233 (base 5) in base 12?
-6a187
Convert 1100010111011011 (base 2) to base 12.
2538b
What is 20121212101211 (base 3) in base 4?
31123201321
Convert -49130a (base 11) to base 7.
-6416165
Convert 386b94 (base 13) to base 10.
1357529
10000110111100110010 (base 2) to base 12
227a6a
What is -301136 (base 8) in base 3?
-12000200100
What is -13100114 (base 5) in base 6?
-2425155
Convert 59fb (base 16) to base 4.
11213323
What is -127665 (base 9) in base 4?
-102333323
What is -78758 (base 14) in base 10?
-292314
41930 (base 10) to base 7
233150
-4f40f (base 16) to base 11
-201992
What is -432450 (base 7) in base 3?
-10211100200
Convert 1002010020102 (base 3) to base 2.
10001011111011101111
-61217 (base 8) to base 12
-12727
-3020132103 (base 4) to base 13
-2299a7
Convert -113120102322 (base 4) to base 14.
-b57774
-210022101101 (base 3) to base 7
-3364621
Convert -694e3 (base 16) to base 15.
-87c06
-201221122 (base 3) to base 11
-aa21
97209 (base 13) to base 7
2214156
Convert -3154 (base 8) to base 5.
-23034
Convert 1122210021 (base 3) to base 6.
411054
Convert 3182c4 (base 13) to base 12.
47b716
What is -260c8 (base 15) in base 9?
-204828
-489683 (base 16) to base 10
-4757123
13661325 (base 9) to base 11
3905956
Convert -113112114 (base 5) to base 7.
-4263020
-14301142 (base 5) to base 6
-3115124
What is 1021222120 (base 3) in base 15?
7853
Convert 10090 (base 16) to base 5.
4100210
Convert -36689 (base 11) to base 12.
-26624
100010100110111100100001 (base 2) to base 9
18057013
199481 (base 10) to base 13
6ca49
Convert -888595 (base 13) to base 9.
-6043361
What is -3518014 (base 9) in base 3?
-10120122000111
Convert 955684 (base 15) to base 10.
7105849
-346860 (base 9) to base 5
-23132332
12202400 (base 5) to base 12
57147
-366504 (base 8) to base 7
-1034103
-814948 (base 11) to base 3
-2110112022112
Convert -33434022 (base 5) to base 15.
-5cb27
-1665452 (base 12) to base 14
-881006
Convert -2344332 (base 6) to base 2.
-11101111111000000
Convert -12210112200 (base 3) to base 16.
-1bdc8
What is -3501100 (base 8) in base 16?
-e8240
Convert 35ee4 (base 16) to base 14.
5a708
631334 (base 9) to base 4
1123203010
1323031200 (base 4) to base 2
1111011001101100000
1c5b2 (base 13) to base 5
3242130
Convert 268256 (base 9) to base 2.
100111111010110101
Convert -110110000000010001001 (base 2) to base 8.
-6600211
Convert 8a495 (base 11) to base 5.
13143101
Convert -160620 (base 9) to base 8.
-301147
-3bb99 (base 15) to base 4
-232302003
Convert 12445124 (base 6) to base 2.
1100100010000101100
What is -c236aa (base 15) in base 7?
-141262111
What is -c857 (base 14) in base 12?
-18011
27d33c (base 14) to base 15
1c4234
Convert 3113281 (base 13) to base 15.
14910ca
Convert 367ae3 (base 16) to base 2.
1101100111101011100011
-100001201222 (base 3) to base 2
-101011100011101111
-1070502 (base 8) to base 9
-483326
What is 692b207 (base 12) in base 2?
1001101000111100101100111
What is 100011100111000100111 (base 2) in base 5?
244320022
What is -100100100110000110 (base 2) in base 13?
-532c4
What is -3010562 (base 10) in base 9?
-5587638
Convert -4271782 (base 9) to base 11.
-1325422
3483875 (base 9) to base 10
1885910
-12002220030 (base 4) to base 11
-991892
Convert -78d282 (base 16) to base 4.
-132031022002
-95674 (base 10) to base 3
-11212020111
Convert -3421a (base 14) to base 2.
-11110111010110000
Convert 1014330121 (base 5) to base 13.
5891ab
Convert 111100110110011111011 (base 2) to base 15.
295c1e
874717 (base 9) to base 12
211b8a
25636115 (base 7) to base 14
450ab5
Convert -2414022 (base 7) to base 3.
-120120012000
Convert -104396 (base 12) to base 8.
-764442
Convert -23016421 (base 8) to base 5.
-2234110202
Convert 5d95d3 (base 14) to base 2.
1100010000110000110101
Convert -148d06 (base 14) to base 8.
-2566332
110001011011010 (base 2) to base 10
25306
-102121202222011 (base 3) to base 2
-10111100011110101000001
80fd2 (base 16) to base 9
884662
What is 56312650 (base 7) in base 8?
22466206
246481 (base 9) to base 14
3c4ad
-367401 (base 10) to base 6
-11512533
1220131202 (base 4) to base 13
11c9a5
11010011001111001001101 (base 2) to base 8
32317115
Convert 1103022413 (base 5) to base 8.
11100251
221222222 (base 3) to base 12
ab75
What is -12b7d2 (base 16) in base 4?
-10223133102
What is 2224611 (base 7) in base 9?
458676
What is 56a31 (base 13) in base 5?
20021332
Convert 474a0 (base 16) to base 10.
292000
What is 10100110110111000 (base 2) in base 8?
246670
135250334 (base 6) to base 8
12453522
1a5579 (base 11) to base 15
63422
What is 12112033322 (base 4) in base 8?
6261772
-1033b86 (base 12) to base 4
-23221313112
Convert -14275 (base 12) to base 10.
-28025
What is -19f9e3 (base 16) in base 3?
-10012111012210
-20326 (base 13) to base 2
-1110000100111101
Convert -1487600 (base 12) to base 14.
-7a4144
What is -3c535 (base 15) in base 5?
-22143200
What is 388c82 (base 13) in base 8?
5144235
Convert 87871b (base 13) to base 8.
14124476
951b7 (base 15) to base 6
14045201
416e28 (base 16) to base 15
59a7e5
-120243 (base 9) to base 12
-35a70
Convert -730681 (base 9) to base 15.
-8870a
Convert -15315544 (base 7) to base 5.
-333412402
Convert 4132643 (base 8) to base 6.
35245443
Convert 4588732 (base 10) to base 11.
2654645
What is 3a63618 (base 11) in base 4?
122301110301
What is 101011010001100110111000 (base 2) in base 3?
210100100110201
-32463388 (base 9) to base 7
-250235015
123133212 (base 4) to base 14
2d07c
Convert -1011011111001111 (base 2) to base 